**2 - 4*b. Let o be j(-2). Let g = 558 + o. What is the tens digit of g?
2
Let m be 105 + -2 - (-8)/(-6)*-3. Suppose -135 = -5*q + b + 30, -m = -3*q - b. What is the units digit of q?
4
Let v(l) = -57880*l - 778. What is the thousands digit of v(-1)?
7
Suppose -13*z + 135169 = -54943. What is the tens digit of z?
2
Let r(s) = 32*s - 156. Let j be r(5). Suppose 108 = -4*f - 5*q + 5486, -f - j*q = -1339. What is the units digit of f?
7
Suppose 74649 = -40*n + 240409. What is the tens digit of (n/(-48))/((-3)/9)?
5
Let s be (6/(-4))/((-69)/(-46)) + -3. What is the units digit of s + 1 + 536*3/6?
5
Suppose 2*i = -2*a + 6886 + 5110, -2*i = 10. What is the hundreds digit of a?
0
What is the tens digit of (-6555264)/(-176) - 4/(-22)?
4
What is the tens digit of -9 + (-117)/9*-1136?
5
Let d be 4/(-2) - (-8 + 3). Let q be (-20)/5*d*-2. Suppose 145 = 25*y - q*y. What is the tens digit of y?
4
Suppose -110011 = -5*r - 3*h, 5*r - 2*h + 48309 = 158285. What is the ten thousands digit of r?
2
Let d = -5100 + 6675. What is the thousands digit of d?
1
Let o(r) = 102*r**2 + 2*r + 1. Let v be o(-1). Suppose 3*w = -2*m - m + 276, 0 = m - 2*w - v. Let n = -50 + m. What is the tens digit of n?
4
Suppose -5*d = 7 + 3. Let k be 23*(-1 - d)/(-1). Let n = k + 50. What is the units digit of n?
7
What is the units digit of -3 + 124236/14 - -14?
5
Let x = -337 + 167. Let h = -122 - x. What is the units digit of h?
8
Suppose 8*b - 4*w - 42848 = 0, -38*b + 21434 = -34*b + 3*w. What is the units digit of b?
7
Let g = 19298 + 3726. What is the ten thousands digit of g?
2
Suppose 0 = -4*x + 20 + 32. What is the tens digit of (1233/(-18))/((x/(-12))/13)?
2
Suppose 5*y = -o + 680, -4*o + 9*o + 2*y - 3308 = 0. Suppose 0 = -18*n + 294 + o. What is the tens digit of n?
5
Let w(x) = 9*x - 139. Let p be w(0). Let v = p - -294. What is the units digit of v?
5
Suppose 4*h + 4*u - 171408 = 0, -85703 = -2*h + 150*u - 151*u. What is the ten thousands digit of h?
4
Let h(l) be the third derivative of -l**5/60 + 3*l**4/8 - l**3/6 - 4*l**2. Let w be h(4). Let r = w + -2. What is the units digit of r?
7
Suppose -2321334 = 64*f - 238*f. What is the tens digit of f?
4
Let j(g) be the second derivative of 149*g**4/6 + 3*g**3/2 - 5*g**2/2 + 191*g. What is the units digit of j(-2)?
9
Let u(v) = -v**3 - 69*v**2 - 15*v - 482. What is the tens digit of u(-70)?
6
Suppose 0 = 4*x - 3*w - 1372, -7*x + 686 = -5*x + w. Suppose -14*m + x = -105. What is the units digit of m?
2
Let l = -448 - -1542. Let f = -735 + l. What is the hundreds digit of f?
3
Let n be 18/5*(-45)/27. What is the tens digit of ((-115)/25 - n)*10/1?
1
Suppose 202*h + 5486 = 203*h + 2*d, h - 5483 = -d. What is the hundreds digit of h?
4
Let j = 577 + -579. What is the hundreds digit of j/(-4) + 7*(-2856)/(-16)?
2
Let c(g) = -g**3 + 37*g**2 + 19*g - 36. What is the units digit of c(21)?
9
Let u = 10045 - 3735. What is the tens digit of u?
1
Suppose -3*n + 4*z - 16 = 0, 12 = -4*n + 4*z - z. Let t be (6 - 1)*(144/(-10) - n). Let r = t + 159. What is the tens digit of r?
8
Let i(d) = 341*d - 2125. What is the thousands digit of i(11)?
1
Let k(l) = -20*l + 15. Let o be k(-15). Suppose 4*s - o = -5*x, 5*s = -0*x + 4*x - 211. Let g = 138 + x. What is the hundreds digit of g?
1
Suppose -5*c + 11 + 4 = 0. Suppose 3*r = -3*b - 2994, -r = r - 4*b + 1984. What is the units digit of r/(-6) - (-6 + c)?
9
Suppose 3*f - 72 = 402. Let j = 113 + f. What is the hundreds digit of j?
2
Let h(b) = -1 + 31*b - 1 + 1. Let c be h(-3). Let z = 135 + c. What is the tens digit of z?
4
Suppose 0 = c + 8*c. Suppose a + 4*s - 445 = c, 5*a = a - 5*s + 1802. What is the hundreds digit of a?
4
Let b be 26068/(-20) - 4/(-10). Let m = 2560 + b. Suppose -m = -13*i + 134. What is the hundreds digit of i?
1
Let u(x) = x**3 + x**2 + 9*x - 13. Let l(i) = -3*i**2 - 10*i + 13. Let d(w) = 4*l(w) + 5*u(w). What is the units digit of d(5)?
2
What is the tens digit of (-77837)/(-18) + 2/4 - (-820)/3690?
2
Suppose 7*x - 9866 = -3468. Let k = x + -546. What is the tens digit of k?
6
Let o be 7/42 + -1 + 9599/6. Let g = o - 726. What is the hundreds digit of g?
8
Let z = -8385 + 18602. Suppose -22*k = -39*k + z. What is the units digit of k?
1
Suppose 2*k - 5*w - 3 - 9 = 0, 14 = 4*k - 5*w. Let q be k - (-4 + 3) - (1 + -4). Suppose 628 = 5*l - 3*a, -2*l - 2*a + 253 = -q*a. What is the tens digit of l?
2
Suppose -196 = 4*l - 2*b, -5*l - 344 = -4*b - 102. Let c = l - -100. Suppose 0 = -c*z + 45*z + 305. What is the tens digit of z?
6
What is the tens digit of (-2374584)/(-84) - -3*9/189?
6
Let q(t) = t**2 - 28*t + 118. Let a be q(23). Suppose 13*p = -a*p + 8944. What is the units digit of p?
9
Let q be (96/14)/((-1)/(-7)). Let w = q + -27. What is the units digit of w?
1
Suppose 168748 = 17*s + 9543. What is the tens digit of 10/25 + s/25?
7
What is the ten thousands digit of (-1 - -4) + 35*171815/245?
2
Let d = -12 + -1853. Let w = -1290 - d. What is the units digit of w?
5
Let s = 350 - 488. What is the units digit of (-2)/12 + (-180941)/s?
1
Suppose 68*l - 58*l - 3900 = 0. Suppose 0 = -l*a + 384*a + 282. What is the units digit of a?
7
Let m(j) = 5269*j + 7722. What is the thousands digit of m(6)?
9
Let c(v) = -26*v**3 - 427*v**2 - 15*v + 41. What is the hundreds digit of c(-18)?
5
Suppose 4*y = -244 - 720. What is the units digit of (y/(-4))/(8/32)?
1
Suppose 103*p - 1396516 = 78*p - 162*p. What is the tens digit of p?
6
Let l = -2442 + 2443. Let d(r) = -2*r + 1. Let p be d(-2). What is the hundreds digit of (p/l)/((-7 + 4)/(-72))?
1
Let f be (-3)/(3/4 + 0) + -2. What is the tens digit of ((-16)/f + -2)/(1/306)?
0
Suppose 4*o + 4*o - 48 = 0. What is the hundreds digit of (-3)/o*-14 - -394?
4
What is the tens digit of (0 - (-2)/6)*(18344 - -15 - 2)?
1
Suppose -819 = 5*z + 2*u + 29, u = -2*z - 339. Let p = 841 + z. What is the hundreds digit of p?
6
Let a = 178 - -4093. What is the thousands digit of a?
4
Let i(x) = x**3 - 7*x**2 + 9*x - 14. Let m be i(6). Suppose 2*l - 5*l - 671 = -s, m*s - 4*l - 2700 = 0. Suppose 7*b - s = 373. What is the units digit of b?
0
Suppose -10*o = -0*o - 41160. What is the tens digit of o?
1
Suppose 3*s = -4*b + 23498, 0 = 20*s - 15*s - 2*b - 39146. What is the tens digit of s?
3
What is the thousands digit of 840/756 - 2351532/(-54)?
3
Suppose -30609 - 22815 = -8*f - q, -4*q = -3*f + 20034. What is the thousands digit of f?
6
Suppose 23*q - 17*q - 30 = 0. What is the tens digit of 1277/2 - q/(-10)?
3
Let m(q) = 45*q + 2. Let d be m(21). Let l = d + -624. Suppose -4*p = -o + 111, l - 944 = -5*o - 2*p. What is the units digit of o?
3
What is the units digit of (125 + 13)*(561 - -4)?
0
Let z = -4015 + 4036. What is the tens digit of z?
2
Let n(c) = -3*c - 5. Let u be n(-2). Let f be 4 + (u - -3 - 15). What is the units digit of ((-8)/(-14))/(-2) - 149/f?
1
Let j(g) = -58*g - 41. Suppose 4*h - 38 = 5*i, 4*i - 11*h + 13*h = -20. What is the hundreds digit of j(i)?
3
Let s(n) = -n**3 - 2*n**2 + n + 2. Let l be s(-1). Suppose h - 606 = -10*y + 12*y, 5*h - 3*y - 3065 = l. What is the hundreds digit of h?
6
Let d(q) = -q**2 - 15*q + 62160. Let r be d(0). Suppose -23*t + r = 19*t. What is the units digit of t?
0
Let v = -72 + 79. Let n = 14 + v. Suppose 10*m - n*m = -319. What is the tens digit of m?
2
What is the tens digit of ((-59)/3)/(9711/1215 + -8)?
5
Let a be 1 - (-1)/((-4)/(-40)). Suppose -5*g = 5*d - 20, -2*d + 5*d - a = -2*g. Suppose -6 - 9 = -d*o. What is the units digit of o?
5
Let r = -1924 - -3557. Let x = 2913 - r. What is the units digit of x?
0
Let r = -7685 + 19083. What is the thousands digit of r?
1
Let j(t) = t**3 + 2*t + 252. Let b be ((-2)/3)/(8/36). Let a be (20/(-70) - (-2)/7)/b. What is the hundreds digit of j(a)?
2
Let r = -19431 - 1077. What is the tens digit of (66/15 - 4) + r/(-30)?
8
Let l = -6970 + 26375. What is the thousands digit of l?
9
Suppose -3*l = p + 166, 9*p - 8*p - 212 = 4*l. What is the units digit of ((-9)/4)/(l/792)?
3
Let l(k) = 3*k + 97. Let t be l(-25). Suppose t*w = w + 5187. What is the tens digit of w?
4
Let f be (33 + -1)*(-6)/12. Let a be 3 + ((-8)/f)/(2/(-4)). Suppose -65 = -a*j + 13. What is the tens digit of j?
3
Let f = 270489 - 462240. What is the tens digit of (-6)/8*-1 + f/(-92)?
8
Suppose 0 = 11*m 